). What is the hundreds digit of (b - 168/(-20)) + (-5196)/(-10)?
5
Let p be 2/(-9)*6*6/(-4). Let x(w) = 98*w + 0 - 5 - 3. What is the units digit of x(p)?
8
Let d = 89 + -19. Suppose -34 - d = -c. What is the tens digit of c?
0
Suppose -156*j = 204*j - 5127840. What is the units digit of j?
4
Let n = 10623 + -7451. What is the thousands digit of n?
3
Let u = 202 + -200. Suppose 19*m = 16*m - u*a + 2291, 3*m - 2*a = 2311. What is the units digit of m?
7
Suppose -4*r - 8304 = -4*a, 2*r + 0 - 4 = 0. What is the units digit of a?
8
Let k(t) = -8*t + 12. Let f be k(0). What is the hundreds digit of f/15 + ((-48384)/(-15))/8?
4
Let q(v) = v**2 + 17*v + 58. Let y be q(-19). Suppose 0 = -y*o + 81*o + 8865. What is the hundreds digit of o?
5
Let h(f) = -9*f**3 + 3*f**2 - 2. Let u be (-2)/(8/(-6))*24/(-18). What is the units digit of h(u)?
2
Let p = 214 + -489. Let z = p + 1026. What is the units digit of z?
1
Suppose u - 28 = 3*w, -4*u + 7*u - 5*w - 64 = 0. Let k(z) = -3*z**2 + 2*z - 5 - u*z**3 + 5*z + 14*z**3 + 3*z. What is the tens digit of k(6)?
6
Let z be 8/(2 + 6)*29. What is the hundreds digit of (-128)/80*-25*z - -4?
1
Suppose 4*s = -19*s + 34*s - 65318. What is the tens digit of s?
3
Suppose -4*v = 5*t - 18349, 3*v + 27*t - 29*t - 13756 = 0. What is the units digit of v?
6
Let a(h) = h**3 + 16*h**2 - 20*h - 48. Let z be a(-17). Suppose -5*l + 5291 = 5*t - 1364, -z*t = l - 3997. What is the hundreds digit of t?
3
What is the units digit of -12 + (-4739966)/(-56) + 13 + (-3)/(-4)?
4
Let s = 3375 + -298. What is the tens digit of s?
7
Let r(h) = -13*h**3 - 16*h**2 + 25*h - 9. Let z(i) = 24*i**3 + 31*i**2 - 50*i + 17. Let k(o) = -11*r(o) - 6*z(o). What is the units digit of k(-14)?
1
Let w(d) = 11*d + 17. Let f(z) = 8*z - 6. Let m be f(-1). Let g be w(m). Let v = 348 + g. What is the hundreds digit of v?
2
What is the units digit of -2 + 0 + 38 + 6700 + -28?
8
Let f = 0 - 4. Let u be (0/f + 5)/1. Suppose -u*a - 4*r + 527 = 0, -2*a = 2*a - 2*r - 406. What is the hundreds digit of a?
1
Suppose 0 = -6*t + 309 - 21. Suppose -t = 3*z + z. What is the tens digit of (18/z)/((-1)/10)?
1
Suppose 5*a + 36 - 31 = 0. Let c be a - (-4 - (7 - 3)/4). Suppose -4*r = -4, 0 = i - c*r + 33 - 163. What is the hundreds digit of i?
1
Let h(j) = j**2 + 2*j + 6 + 6*j - 6*j - 1. What is the hundreds digit of h(-14)?
1
Suppose -11*o + 4446 = -1736. Suppose 0 = 5*s + 3*h - 7*h - 2926, 0 = -s - 5*h + o. What is the hundreds digit of s?
5
Suppose 6*i + 2 - 2 = 0. Let u be (2 - i)/2*(-65)/13. Let s(h) = 4*h**2 - 4*h - 11. What is the units digit of s(u)?
9
Suppose -2*z + 23646 = -15*u + 18*u, 4*u = 5*z + 31505. What is the thousands digit of u?
7
Suppose 262*b - 73189 = 284411 + 1181388. What is the thousands digit of b?
5
Suppose -2*n = -6*n, -2*q + 21052 = -n. What is the units digit of q?
6
Let p(x) = -3*x**3 - 2*x**2 - 5*x + 3. Let d be p(3). Let s = -259 - -458. Let b = s + d. What is the units digit of b?
8
Let a(k) be the first derivative of 19*k**2 + 17*k - 31. What is the hundreds digit of a(10)?
3
Let t(f) = 22*f - 106. Let l be t(17). Suppose 2*q = c + l, 7*q = 2*q + 5*c + 680. What is the hundreds digit of q?
1
Suppose -84 = -4*t + t. Let f be 7 + -4 + t - 3. What is the tens digit of (-1074)/(-14) - f/(-98)?
7
Suppose -78 - 989 = -2*q + n, 2*q - 5*n = 1047. What is the tens digit of q?
3
Let n(l) = -7*l**3 + 12*l**2 - 48*l + 16. What is the units digit of n(-9)?
3
Let m(h) = 29*h**3 + 5*h**2 + 3*h + 5. Let d be m(-2). Let a = 532 + d. Suppose 10*g - a - 221 = 0. What is the units digit of g?
4
Let f(l) = 7*l**2 - 121. Let t(y) = -4*y**2 + 60. Let h(x) = 2*x**2 + 16*x - 5. Let k be h(-8). Let m(d) = k*t(d) - 3*f(d). What is the units digit of m(0)?
3
Let a(o) = -o - 2. Let p(d) = -2*d**2 - 4*d + 99. Let h(k) = -3*a(k) - p(k). What is the tens digit of h(-21)?
4
Let d(z) = 11 + 8 - 6*z - 6. Let m be d(2). What is the units digit of (-1724)/(-12) + m/3?
4
Let m be ((-2610)/(-135))/(2/6). Let o(t) = 127*t + 1. Let c be o(1). Let b = c - m. What is the tens digit of b?
7
Let h = 320 - -6. Let j = h + -203. What is the hundreds digit of j?
1
Let j(m) = 3*m**2 + 20*m - 60. Let z(k) = -k**2 + 13*k + 21. Let q be z(14). What is the tens digit of j(q)?
2
Let k = 26918 + -19034. Suppose -k = 3*a - 9*a. What is the units digit of (12/10)/3 - a/(-15)?
8
What is the units digit of -2*(-7)/(-182) - (-386960)/26?
3
Let a = 138688 - 72460. What is the hundreds digit of a?
2
Suppose 224*w = 2073512 + 3824429 - 363125. What is the hundreds digit of w?
7
Suppose -59*k + 64*k = 10. Suppose -3*m = -k*x + 260, -393 = -3*x - 4*m + 7*m. What is the units digit of x?
3
Suppose -2*z - 3*l - 10 = -82, 3*l = 4*z - 126. Let j be 6/(-27) + 328/18. Let m = j + z. What is the units digit of m?
1
Let p be 76*(3 + -4)*(-34 - -7). Let z = p - 1126. What is the units digit of z?
6
Suppose -2*k = 7*s - k - 514496, 0 = -5*s + k + 367504. What is the ten thousands digit of s?
7
Let g = 70040 - 49949. What is the thousands digit of g?
0
Let g = 4456 - -1682. What is the thousands digit of g?
6
Suppose h = 2*h - 14. Let w(r) = -h - 180*r - 6 + 163*r. What is the units digit of w(-8)?
6
Let b = 430 + -1004. Let j = b + 1066. What is the units digit of j?
2
Let i be 13 - -533 - (-1 + -1)*2. Let g = i + -210. What is the units digit of g?
0
Let i(v) = 20*v**2 + 5*v + 3. Let t be i(-3). Let k be ((-3)/6)/(5/(-30)). Suppose k*q = t - 24. What is the tens digit of q?
4
What is the thousands digit of 15/1*102 + (-8 - (-2 - 0))?
1
Let u(n) = -6*n**3 - 6*n**2 - 10*n - 8. Let v be u(-3). Let s = v + 132. What is the units digit of s?
2
Let d = -596 + 603. What is the tens digit of 38/4*((-1176)/(-7))/d?
2
Let t be 2/(-6) - (1015/(-15))/(-7). Let l(z) = -24*z - 7. Let d be l(t). Suppose d = 4*b - f, -b - 3*f - 47 = -115. What is the tens digit of b?
5
Let i(q) = -15*q + 5. Let x(h) = 43*h - 16. Let f(w) = -21*i(w) - 6*x(w). What is the tens digit of f(8)?
4
Let y = 38156 - 3183. What is the thousands digit of y?
4
Let h(n) = 161*n - 9. Let j be (-9)/6*(-3 - -1). What is the hundreds digit of h(j)?
4
Let o = 120 - 12. Suppose 4*z = o + 16. Suppose -2*y = -2*t + 2, 0 = -0*y + 5*y + 4*t - z. What is the units digit of y?
3
Suppose 44856 - 119498 = -8*g + 42590. What is the tens digit of g?
5
Suppose 3*g + 366 = -2*p, 2*p + 3*g = -2*g - 366. Let v = p + 779. What is the tens digit of v?
9
Suppose 0 = -7*t - 3*t + 40. Suppose 2*h - 7*h - 22 = -o, 3*o - t*h = 22. Suppose -o*r = 2*g - 288, 137 = 3*g - 3*r - 271. What is the tens digit of g?
4
Let u be (-12)/16 - (-1350)/40. Suppose 3*f = -u*f + 1332. What is the units digit of f?
7
Let s(c) = c + 13. Suppose -7*h = -2*h + 40. Let q be s(h). Suppose -i - 178 = -5*i - q*m, 2*i - 3*m = 78. What is the units digit of i?
2
Let k(p) = -p**3 - 46*p**2 + 143*p - 225. What is the tens digit of k(-51)?
8
Let g(u) = 17*u + 40. Let c(i) = 69*i + 161. Let z(k) = -2*c(k) + 9*g(k). Let d be (-1)/(((-6)/14)/3). What is the tens digit of z(d)?
4
Suppose -10 + 58 = 2*a + 3*x, 12 = 3*x. Suppose -3*s = -3*j + 804, -a*j = -23*j + 3*s + 1334. What is the tens digit of j?
6
Suppose -4*y - 11 = -v, 0*v + 2*v - 18 = 4*y. Let a(b) = -b**3 + 8*b**2 - 2*b - 13. Let m be a(v). Let p = m - -113. What is the tens digit of p?
3
What is the tens digit of 2 + 27889 + (-364)/(-112) + (-11)/(-4)?
9
Let p be (3 + -4 + 36)*(-84)/(-30). What is the tens digit of p/21*(-180)/(-7)?
2
Let j(w) = 1091*w + 3096. What is the thousands digit of j(22)?
7
Let f = 2631 - 1137. Let c = 2685 - f. What is the units digit of c?
1
Suppose 0 = -4*m + 4*z + 113356, 2*z - 113332 = -71*m + 67*m. What is the thousands digit of m?
8
Let t = 170 - 156. Suppose 0 = -2*i - 2, 0 = 4*q + 3*i + i + 4. Suppose t*l - 2178 - 454 = q. What is the hundreds digit of l?
1
What is the tens digit of (-48 - -1394)*(-5 + 3 + 5 + -1)?
9
Let f be 3 - 0/(2 + -1 + 1). What is the tens digit of 4*(-1 + (100 - (f - 7)))?
1
Let c(b) = 7*b**2 + 57*b + 8. Let x be c(-9). Let w = 59 - -133. Suppose -5*k + 3*s + 33 = -w, x = k - 4*s. What is the tens digit of k?
4
Suppose 0*s - 3*r = s - 14, 4*s - 3*r = -4. Suppose -5*z + 1681 = s*k, 3*k - 2553 = z + 2*z. What is the units digit of k?
8
Suppose -23*u + 10*u - 117 = 0. What is the hundreds digit of 3/u + 